{"id":29,"date":"2025-09-20T20:44:26","date_gmt":"2025-09-20T20:44:26","guid":{"rendered":"https:\/\/wiestamina.fun\/?page_id=29"},"modified":"2025-09-20T20:44:27","modified_gmt":"2025-09-20T20:44:27","slug":"o-mnie","status":"publish","type":"page","link":"https:\/\/wiestamina.fun\/?page_id=29","title":{"rendered":"O mnie"},"content":{"rendered":"\n<figure class=\"wp-block-image size-large\"><img loading=\"lazy\" decoding=\"async\" width=\"1024\" height=\"840\" src=\"http:\/\/wiestamina.fun\/wp-content\/uploads\/2025\/09\/01-1024x840.png\" alt=\"\" class=\"wp-image-30\" srcset=\"https:\/\/wiestamina.fun\/wp-content\/uploads\/2025\/09\/01-1024x840.png 1024w, https:\/\/wiestamina.fun\/wp-content\/uploads\/2025\/09\/01-300x246.png 300w, https:\/\/wiestamina.fun\/wp-content\/uploads\/2025\/09\/01-768x630.png 768w, https:\/\/wiestamina.fun\/wp-content\/uploads\/2025\/09\/01.png 1077w\" sizes=\"auto, (max-width: 1024px) 100vw, 1024px\" \/><\/figure>\n\n\n\n<p class=\"has-text-color has-link-color wp-elements-dff67fca2605dc57db5a6bcef201082b\" style=\"color:#120321\">Nazywam si\u0119&nbsp;<strong>Wies\u0142aw Stanis\u0142aw Michnowski<\/strong>, cho\u0107 jeszcze niedawno nie u\u017cywa\u0142em drugiego imienia w podpisie. Analizuj\u0105c jednak tre\u015bci, kt\u00f3re chcia\u0142bym wyeksponowa\u0107 w informacjach o sobie, zauwa\u017cy\u0142em bli\u017aniacze odbicie liter W i M. Pomy\u015bla\u0142em wtedy o dualnym charakterze \u017cycia i jego przejaw\u00f3w \u2013 w mojej oraz og\u00f3lnie w ludzkiej egzystencji \u2013 w postaci dobra i z\u0142a, smutku i rado\u015bci, entuzjazmu i zniech\u0119cenia, kt\u00f3re wynikaj\u0105 z polaryzacji l\u0119ku i mi\u0142o\u015bci.<\/p>\n\n\n\n<p class=\"has-text-color has-link-color wp-elements-f975e94bb675bdfa2c50c4855bceb94c\" style=\"color:#120321\">Doszed\u0142em do wniosku, \u017ce moje teksty s\u0105 w du\u017cej mierze w\u0142a\u015bnie o tym. Litera&nbsp;<strong>S<\/strong>, wykorzystana pomi\u0119dzy dotychczas stosowanymi inicja\u0142ami, doskonale wkomponowuje si\u0119 jako symbol kr\u0119tej drogi prowadz\u0105cej do odkrywania zale\u017cno\u015bci dualnego prze\u017cywania w\u0142asnych do\u015bwiadcze\u0144. A \u017ce w tw\u00f3rczo\u015bci patronuje mi \u0142ab\u0119d\u017a \u2013 symbol \u017cywio\u0142\u00f3w wody i powietrza, kt\u00f3re mnie wspieraj\u0105 \u2013 to&nbsp;<strong>S <\/strong>zawarte w jego postaci staje si\u0119 ukoronowaniem tej drogi.<\/p>\n\n\n\n<p class=\"has-text-color has-link-color wp-elements-bdf7c89f1031778648eec41cc4cf3d5e\" style=\"color:#120321\">\u0141aska, jak\u0105 jest umiej\u0119tno\u015b\u0107 dobierania s\u0142\u00f3w w kilku lub kilkunastu wersach i wydobywania esencji pi\u0119kna ludzkiego \u017cycia, integruj\u0105c my\u015bli i emocje w tekstach, prowadzi do harmonijnej komunikacji o tym, co najwa\u017cniejsze \u2013 szeroko poj\u0119tej <strong>&nbsp;M\u0141O\u015aCI<\/strong>, kt\u00f3ra jest najlepszym lekarstwem.<\/p>\n\n\n\n<p class=\"has-text-color has-link-color wp-elements-2a493a11f7502cdd4f034fbef90e6d21\" style=\"color:#120321\"><strong>WieStaMina<\/strong>&nbsp;to pomys\u0142 na stworzenie wyrazu charakteryzuj\u0105cego moj\u0105 tw\u00f3rczo\u015b\u0107 jako suplement wspieraj\u0105cy drog\u0119 do osi\u0105gni\u0119cia satysfakcji w \u017cyciu \u2013 tej, kt\u00f3ra cz\u0119sto kryje si\u0119 w drobnych sprawach, a jednak buduje pe\u0142ny obraz istnienia.<\/p>\n\n\n\n<p><\/p>\n","protected":false},"excerpt":{"rendered":"<p>Nazywam si\u0119&nbsp;Wies\u0142aw Stanis\u0142aw Michnowski, cho\u0107 jeszcze niedawno nie u\u017cywa\u0142em drugiego imienia w podpisie. Analizuj\u0105c jednak tre\u015bci, kt\u00f3re chcia\u0142bym wyeksponowa\u0107 w informacjach o sobie, zauwa\u017cy\u0142em bli\u017aniacze odbicie liter W i M. Pomy\u015bla\u0142em wtedy o dualnym charakterze \u017cycia i jego przejaw\u00f3w \u2013 w mojej oraz og\u00f3lnie w ludzkiej egzystencji \u2013 w postaci dobra i z\u0142a, smutku i [&hellip;]<\/p>\n","protected":false},"author":1,"featured_media":0,"parent":0,"menu_order":0,"comment_status":"closed","ping_status":"closed","template":"","meta":{"footnotes":""},"class_list":["post-29","page","type-page","status-publish","hentry"],"yoast_head":"<!-- This site is optimized with the Yoast SEO plugin v25.9 - https:\/\/yoast.com\/wordpress\/plugins\/seo\/ -->\n<title>O mnie - WieStaMina<\/title>\n<meta name=\"robots\" content=\"index, follow, max-snippet:-1, max-image-preview:large, max-video-preview:-1\" \/>\n<link rel=\"canonical\" href=\"https:\/\/wiestamina.fun\/?page_id=29\" \/>\n<meta property=\"og:locale\" content=\"pl_PL\" \/>\n<meta property=\"og:type\" content=\"article\" \/>\n<meta property=\"og:title\" content=\"O mnie - WieStaMina\" \/>\n<meta property=\"og:description\" content=\"Nazywam si\u0119&nbsp;Wies\u0142aw Stanis\u0142aw Michnowski, cho\u0107 jeszcze niedawno nie u\u017cywa\u0142em drugiego imienia w podpisie. Analizuj\u0105c jednak tre\u015bci, kt\u00f3re chcia\u0142bym wyeksponowa\u0107 w informacjach o sobie, zauwa\u017cy\u0142em bli\u017aniacze odbicie liter W i M. Pomy\u015bla\u0142em wtedy o dualnym charakterze \u017cycia i jego przejaw\u00f3w \u2013 w mojej oraz og\u00f3lnie w ludzkiej egzystencji \u2013 w postaci dobra i z\u0142a, smutku i [&hellip;]\" \/>\n<meta property=\"og:url\" content=\"https:\/\/wiestamina.fun\/?page_id=29\" \/>\n<meta property=\"og:site_name\" content=\"WieStaMina\" \/>\n<meta property=\"article:modified_time\" content=\"2025-09-20T20:44:27+00:00\" \/>\n<meta property=\"og:image\" content=\"https:\/\/wiestamina.fun\/wp-content\/uploads\/2025\/09\/01.png\" \/>\n\t<meta property=\"og:image:width\" content=\"1077\" \/>\n\t<meta property=\"og:image:height\" content=\"884\" \/>\n\t<meta property=\"og:image:type\" content=\"image\/png\" \/>\n<meta name=\"twitter:card\" content=\"summary_large_image\" \/>\n<meta name=\"twitter:label1\" content=\"Szacowany czas czytania\" \/>\n\t<meta name=\"twitter:data1\" content=\"1 minuta\" \/>\n<script type=\"application\/ld+json\" class=\"yoast-schema-graph\">{\"@context\":\"https:\/\/schema.org\",\"@graph\":[{\"@type\":\"WebPage\",\"@id\":\"https:\/\/wiestamina.fun\/?page_id=29\",\"url\":\"https:\/\/wiestamina.fun\/?page_id=29\",\"name\":\"O mnie - WieStaMina\",\"isPartOf\":{\"@id\":\"https:\/\/wiestamina.fun\/#website\"},\"primaryImageOfPage\":{\"@id\":\"https:\/\/wiestamina.fun\/?page_id=29#primaryimage\"},\"image\":{\"@id\":\"https:\/\/wiestamina.fun\/?page_id=29#primaryimage\"},\"thumbnailUrl\":\"http:\/\/wiestamina.fun\/wp-content\/uploads\/2025\/09\/01-1024x840.png\",\"datePublished\":\"2025-09-20T20:44:26+00:00\",\"dateModified\":\"2025-09-20T20:44:27+00:00\",\"breadcrumb\":{\"@id\":\"https:\/\/wiestamina.fun\/?page_id=29#breadcrumb\"},\"inLanguage\":\"pl-PL\",\"potentialAction\":[{\"@type\":\"ReadAction\",\"target\":[\"https:\/\/wiestamina.fun\/?page_id=29\"]}]},{\"@type\":\"ImageObject\",\"inLanguage\":\"pl-PL\",\"@id\":\"https:\/\/wiestamina.fun\/?page_id=29#primaryimage\",\"url\":\"https:\/\/wiestamina.fun\/wp-content\/uploads\/2025\/09\/01.png\",\"contentUrl\":\"https:\/\/wiestamina.fun\/wp-content\/uploads\/2025\/09\/01.png\",\"width\":1077,\"height\":884},{\"@type\":\"BreadcrumbList\",\"@id\":\"https:\/\/wiestamina.fun\/?page_id=29#breadcrumb\",\"itemListElement\":[{\"@type\":\"ListItem\",\"position\":1,\"name\":\"Strona g\u0142\u00f3wna\",\"item\":\"https:\/\/wiestamina.fun\/\"},{\"@type\":\"ListItem\",\"position\":2,\"name\":\"O mnie\"}]},{\"@type\":\"WebSite\",\"@id\":\"https:\/\/wiestamina.fun\/#website\",\"url\":\"https:\/\/wiestamina.fun\/\",\"name\":\"WieStaMina\",\"description\":\"Oficjalna strona artysty - autorskie teksty, wspomagane muzyk\u0105 generowan\u0105 przez AI\",\"potentialAction\":[{\"@type\":\"SearchAction\",\"target\":{\"@type\":\"EntryPoint\",\"urlTemplate\":\"https:\/\/wiestamina.fun\/?s={search_term_string}\"},\"query-input\":{\"@type\":\"PropertyValueSpecification\",\"valueRequired\":true,\"valueName\":\"search_term_string\"}}],\"inLanguage\":\"pl-PL\"}]}<\/script>\n<!-- \/ Yoast SEO plugin. -->","yoast_head_json":{"title":"O mnie - WieStaMina","robots":{"index":"index","follow":"follow","max-snippet":"max-snippet:-1","max-image-preview":"max-image-preview:large","max-video-preview":"max-video-preview:-1"},"canonical":"https:\/\/wiestamina.fun\/?page_id=29","og_locale":"pl_PL","og_type":"article","og_title":"O mnie - WieStaMina","og_description":"Nazywam si\u0119&nbsp;Wies\u0142aw Stanis\u0142aw Michnowski, cho\u0107 jeszcze niedawno nie u\u017cywa\u0142em drugiego imienia w podpisie. Analizuj\u0105c jednak tre\u015bci, kt\u00f3re chcia\u0142bym wyeksponowa\u0107 w informacjach o sobie, zauwa\u017cy\u0142em bli\u017aniacze odbicie liter W i M. Pomy\u015bla\u0142em wtedy o dualnym charakterze \u017cycia i jego przejaw\u00f3w \u2013 w mojej oraz og\u00f3lnie w ludzkiej egzystencji \u2013 w postaci dobra i z\u0142a, smutku i [&hellip;]","og_url":"https:\/\/wiestamina.fun\/?page_id=29","og_site_name":"WieStaMina","article_modified_time":"2025-09-20T20:44:27+00:00","og_image":[{"width":1077,"height":884,"url":"https:\/\/wiestamina.fun\/wp-content\/uploads\/2025\/09\/01.png","type":"image\/png"}],"twitter_card":"summary_large_image","twitter_misc":{"Szacowany czas czytania":"1 minuta"},"schema":{"@context":"https:\/\/schema.org","@graph":[{"@type":"WebPage","@id":"https:\/\/wiestamina.fun\/?page_id=29","url":"https:\/\/wiestamina.fun\/?page_id=29","name":"O mnie - WieStaMina","isPartOf":{"@id":"https:\/\/wiestamina.fun\/#website"},"primaryImageOfPage":{"@id":"https:\/\/wiestamina.fun\/?page_id=29#primaryimage"},"image":{"@id":"https:\/\/wiestamina.fun\/?page_id=29#primaryimage"},"thumbnailUrl":"http:\/\/wiestamina.fun\/wp-content\/uploads\/2025\/09\/01-1024x840.png","datePublished":"2025-09-20T20:44:26+00:00","dateModified":"2025-09-20T20:44:27+00:00","breadcrumb":{"@id":"https:\/\/wiestamina.fun\/?page_id=29#breadcrumb"},"inLanguage":"pl-PL","potentialAction":[{"@type":"ReadAction","target":["https:\/\/wiestamina.fun\/?page_id=29"]}]},{"@type":"ImageObject","inLanguage":"pl-PL","@id":"https:\/\/wiestamina.fun\/?page_id=29#primaryimage","url":"https:\/\/wiestamina.fun\/wp-content\/uploads\/2025\/09\/01.png","contentUrl":"https:\/\/wiestamina.fun\/wp-content\/uploads\/2025\/09\/01.png","width":1077,"height":884},{"@type":"BreadcrumbList","@id":"https:\/\/wiestamina.fun\/?page_id=29#breadcrumb","itemListElement":[{"@type":"ListItem","position":1,"name":"Strona g\u0142\u00f3wna","item":"https:\/\/wiestamina.fun\/"},{"@type":"ListItem","position":2,"name":"O mnie"}]},{"@type":"WebSite","@id":"https:\/\/wiestamina.fun\/#website","url":"https:\/\/wiestamina.fun\/","name":"WieStaMina","description":"Oficjalna strona artysty - autorskie teksty, wspomagane muzyk\u0105 generowan\u0105 przez AI","potentialAction":[{"@type":"SearchAction","target":{"@type":"EntryPoint","urlTemplate":"https:\/\/wiestamina.fun\/?s={search_term_string}"},"query-input":{"@type":"PropertyValueSpecification","valueRequired":true,"valueName":"search_term_string"}}],"inLanguage":"pl-PL"}]}},"_links":{"self":[{"href":"https:\/\/wiestamina.fun\/index.php?rest_route=\/wp\/v2\/pages\/29","targetHints":{"allow":["GET"]}}],"collection":[{"href":"https:\/\/wiestamina.fun\/index.php?rest_route=\/wp\/v2\/pages"}],"about":[{"href":"https:\/\/wiestamina.fun\/index.php?rest_route=\/wp\/v2\/types\/page"}],"author":[{"embeddable":true,"href":"https:\/\/wiestamina.fun\/index.php?rest_route=\/wp\/v2\/users\/1"}],"replies":[{"embeddable":true,"href":"https:\/\/wiestamina.fun\/index.php?rest_route=%2Fwp%2Fv2%2Fcomments&post=29"}],"version-history":[{"count":1,"href":"https:\/\/wiestamina.fun\/index.php?rest_route=\/wp\/v2\/pages\/29\/revisions"}],"predecessor-version":[{"id":31,"href":"https:\/\/wiestamina.fun\/index.php?rest_route=\/wp\/v2\/pages\/29\/revisions\/31"}],"wp:attachment":[{"href":"https:\/\/wiestamina.fun\/index.php?rest_route=%2Fwp%2Fv2%2Fmedia&parent=29"}],"curies":[{"name":"wp","href":"https:\/\/api.w.org\/{rel}","templated":true}]}}