{"id":13,"date":"2025-09-13T00:34:49","date_gmt":"2025-09-13T00:34:49","guid":{"rendered":"http:\/\/wiestamina.fun\/?page_id=13"},"modified":"2025-09-20T21:42:26","modified_gmt":"2025-09-20T21:42:26","slug":"strona-glowna","status":"publish","type":"page","link":"https:\/\/wiestamina.fun\/","title":{"rendered":"Strona g\u0142\u00f3wna"},"content":{"rendered":"\n<figure class=\"wp-block-image size-large\"><img loading=\"lazy\" decoding=\"async\" width=\"1024\" height=\"683\" src=\"http:\/\/wiestamina.fun\/wp-content\/uploads\/2025\/09\/MG_9083-1024x683.jpg\" alt=\"\" class=\"wp-image-14\" srcset=\"https:\/\/wiestamina.fun\/wp-content\/uploads\/2025\/09\/MG_9083-1024x683.jpg 1024w, https:\/\/wiestamina.fun\/wp-content\/uploads\/2025\/09\/MG_9083-300x200.jpg 300w, https:\/\/wiestamina.fun\/wp-content\/uploads\/2025\/09\/MG_9083-768x512.jpg 768w, https:\/\/wiestamina.fun\/wp-content\/uploads\/2025\/09\/MG_9083-1536x1024.jpg 1536w, https:\/\/wiestamina.fun\/wp-content\/uploads\/2025\/09\/MG_9083-2048x1365.jpg 2048w\" sizes=\"auto, (max-width: 1024px) 100vw, 1024px\" \/><\/figure>\n\n\n\n<blockquote class=\"wp-block-quote is-layout-flow wp-block-quote-is-layout-flow\">\n<p class=\"has-text-color has-link-color wp-elements-87bf0d27ad34804c71f7bf498e5cf4d9\" style=\"color:#180429\"><em><strong>Ka\u017cdy z nas ma swoje przeznaczenie \u2013 wystarczy je odkry\u0107 i przyj\u0105\u0107.<\/strong><br>Nie zawsze jeste\u015bmy gotowi, by od razu je wype\u0142ni\u0107. Cz\u0119sto dorastamy do niego stopniowo, w chwili, gdy zaczynamy si\u0119 z nim godzi\u0107.<\/em><\/p>\n\n\n\n<p class=\"has-text-color has-link-color wp-elements-ea84bcbbdc82d79f599f20d65e7f3cc1\" style=\"color:#180429\"><em>Zrozumia\u0142em, \u017ce powo\u0142anie nie wymaga kwalifikacji, lecz otwarto\u015bci na \u015bwiat\u0142o, kt\u00f3re przenika my\u015bli. Wtedy staj\u0105 si\u0119 one darem s\u0142\u00f3w, przep\u0142ywaj\u0105cych przeze mnie do Was \u2013 moich odbiorc\u00f3w.<\/em><\/p>\n\n\n\n<p class=\"has-text-color has-link-color wp-elements-20a03c71c9c29e53ede45cb959f714af\" style=\"color:#180429\"><strong><em>Wies\u0142aw Stanis\u0142aw Michnowski<\/em><\/strong><\/p>\n<\/blockquote>\n\n\n\n<div class=\"wp-block-buttons is-layout-flex wp-block-buttons-is-layout-flex\">\n<div class=\"wp-block-button\"><a class=\"wp-block-button__link wp-element-button\">Pos\u0142uchaj moich utwor\u00f3w:<\/a><\/div>\n<\/div>\n\n\n\n<p><a href=\"https:\/\/www.youtube.com\/@WieStaMina\">https:\/\/www.youtube.com\/@WieStaMina<\/a><\/p>\n\n\n\n<figure class=\"wp-block-embed is-type-rich is-provider-spotify wp-block-embed-spotify wp-embed-aspect-21-9 wp-has-aspect-ratio\"><div class=\"wp-block-embed__wrapper\">\n<iframe title=\"Spotify Embed: WieStaMina\" style=\"border-radius: 12px\" width=\"100%\" height=\"352\" frameborder=\"0\" allowfullscreen allow=\"autoplay; clipboard-write; encrypted-media; fullscreen; picture-in-picture\" loading=\"lazy\" src=\"https:\/\/open.spotify.com\/embed\/artist\/4z0s3bQqwi0Skgbd9AGoRf?si=Ln4w4QIcSrW5VgEo-iAVpQ&#038;utm_source=oembed\"><\/iframe>\n<\/div><\/figure>\n\n\n\n<p><\/p>\n","protected":false},"excerpt":{"rendered":"<p>Ka\u017cdy z nas ma swoje przeznaczenie \u2013 wystarczy je odkry\u0107 i przyj\u0105\u0107.Nie zawsze jeste\u015bmy gotowi, by od razu je wype\u0142ni\u0107. Cz\u0119sto dorastamy do niego stopniowo, w chwili, gdy zaczynamy si\u0119 z nim godzi\u0107. Zrozumia\u0142em, \u017ce powo\u0142anie nie wymaga kwalifikacji, lecz otwarto\u015bci na \u015bwiat\u0142o, kt\u00f3re przenika my\u015bli. Wtedy staj\u0105 si\u0119 one darem s\u0142\u00f3w, przep\u0142ywaj\u0105cych przeze mnie [&hellip;]<\/p>\n","protected":false},"author":1,"featured_media":0,"parent":0,"menu_order":0,"comment_status":"closed","ping_status":"closed","template":"","meta":{"footnotes":""},"class_list":["post-13","page","type-page","status-publish","hentry"],"yoast_head":"<!-- This site is optimized with the Yoast SEO plugin v25.9 - https:\/\/yoast.com\/wordpress\/plugins\/seo\/ -->\n<title>Strona g\u0142\u00f3wna - WieStaMina<\/title>\n<meta name=\"robots\" content=\"index, follow, max-snippet:-1, max-image-preview:large, max-video-preview:-1\" \/>\n<link rel=\"canonical\" href=\"https:\/\/wiestamina.fun\/\" \/>\n<meta property=\"og:locale\" content=\"pl_PL\" \/>\n<meta property=\"og:type\" content=\"article\" \/>\n<meta property=\"og:title\" content=\"Strona g\u0142\u00f3wna - WieStaMina\" \/>\n<meta property=\"og:description\" content=\"Ka\u017cdy z nas ma swoje przeznaczenie \u2013 wystarczy je odkry\u0107 i przyj\u0105\u0107.Nie zawsze jeste\u015bmy gotowi, by od razu je wype\u0142ni\u0107. Cz\u0119sto dorastamy do niego stopniowo, w chwili, gdy zaczynamy si\u0119 z nim godzi\u0107. Zrozumia\u0142em, \u017ce powo\u0142anie nie wymaga kwalifikacji, lecz otwarto\u015bci na \u015bwiat\u0142o, kt\u00f3re przenika my\u015bli. Wtedy staj\u0105 si\u0119 one darem s\u0142\u00f3w, przep\u0142ywaj\u0105cych przeze mnie [&hellip;]\" \/>\n<meta property=\"og:url\" content=\"https:\/\/wiestamina.fun\/\" \/>\n<meta property=\"og:site_name\" content=\"WieStaMina\" \/>\n<meta property=\"article:modified_time\" content=\"2025-09-20T21:42:26+00:00\" \/>\n<meta property=\"og:image\" content=\"https:\/\/wiestamina.fun\/wp-content\/uploads\/2025\/09\/MG_9083-scaled.jpg\" \/>\n\t<meta property=\"og:image:width\" content=\"2560\" \/>\n\t<meta property=\"og:image:height\" content=\"1707\" \/>\n\t<meta property=\"og:image:type\" content=\"image\/jpeg\" \/>\n<meta name=\"twitter:card\" content=\"summary_large_image\" \/>\n<meta name=\"twitter:label1\" content=\"Szacowany czas czytania\" \/>\n\t<meta name=\"twitter:data1\" content=\"1 minuta\" \/>\n<script type=\"application\/ld+json\" class=\"yoast-schema-graph\">{\"@context\":\"https:\/\/schema.org\",\"@graph\":[{\"@type\":\"WebPage\",\"@id\":\"https:\/\/wiestamina.fun\/\",\"url\":\"https:\/\/wiestamina.fun\/\",\"name\":\"Strona g\u0142\u00f3wna - WieStaMina\",\"isPartOf\":{\"@id\":\"https:\/\/wiestamina.fun\/#website\"},\"primaryImageOfPage\":{\"@id\":\"https:\/\/wiestamina.fun\/#primaryimage\"},\"image\":{\"@id\":\"https:\/\/wiestamina.fun\/#primaryimage\"},\"thumbnailUrl\":\"http:\/\/wiestamina.fun\/wp-content\/uploads\/2025\/09\/MG_9083-1024x683.jpg\",\"datePublished\":\"2025-09-13T00:34:49+00:00\",\"dateModified\":\"2025-09-20T21:42:26+00:00\",\"breadcrumb\":{\"@id\":\"https:\/\/wiestamina.fun\/#breadcrumb\"},\"inLanguage\":\"pl-PL\",\"potentialAction\":[{\"@type\":\"ReadAction\",\"target\":[\"https:\/\/wiestamina.fun\/\"]}]},{\"@type\":\"ImageObject\",\"inLanguage\":\"pl-PL\",\"@id\":\"https:\/\/wiestamina.fun\/#primaryimage\",\"url\":\"https:\/\/wiestamina.fun\/wp-content\/uploads\/2025\/09\/MG_9083-scaled.jpg\",\"contentUrl\":\"https:\/\/wiestamina.fun\/wp-content\/uploads\/2025\/09\/MG_9083-scaled.jpg\",\"width\":2560,\"height\":1707},{\"@type\":\"BreadcrumbList\",\"@id\":\"https:\/\/wiestamina.fun\/#breadcrumb\",\"itemListElement\":[{\"@type\":\"ListItem\",\"position\":1,\"name\":\"Strona g\u0142\u00f3wna\",\"item\":\"https:\/\/wiestamina.fun\/\"},{\"@type\":\"ListItem\",\"position\":2,\"name\":\"Strona g\u0142\u00f3wna\"}]},{\"@type\":\"WebSite\",\"@id\":\"https:\/\/wiestamina.fun\/#website\",\"url\":\"https:\/\/wiestamina.fun\/\",\"name\":\"WieStaMina\",\"description\":\"Oficjalna strona artysty - autorskie teksty, wspomagane muzyk\u0105 generowan\u0105 przez AI\",\"potentialAction\":[{\"@type\":\"SearchAction\",\"target\":{\"@type\":\"EntryPoint\",\"urlTemplate\":\"https:\/\/wiestamina.fun\/?s={search_term_string}\"},\"query-input\":{\"@type\":\"PropertyValueSpecification\",\"valueRequired\":true,\"valueName\":\"search_term_string\"}}],\"inLanguage\":\"pl-PL\"}]}<\/script>\n<!-- \/ Yoast SEO plugin. -->","yoast_head_json":{"title":"Strona g\u0142\u00f3wna - WieStaMina","robots":{"index":"index","follow":"follow","max-snippet":"max-snippet:-1","max-image-preview":"max-image-preview:large","max-video-preview":"max-video-preview:-1"},"canonical":"https:\/\/wiestamina.fun\/","og_locale":"pl_PL","og_type":"article","og_title":"Strona g\u0142\u00f3wna - WieStaMina","og_description":"Ka\u017cdy z nas ma swoje przeznaczenie \u2013 wystarczy je odkry\u0107 i przyj\u0105\u0107.Nie zawsze jeste\u015bmy gotowi, by od razu je wype\u0142ni\u0107. Cz\u0119sto dorastamy do niego stopniowo, w chwili, gdy zaczynamy si\u0119 z nim godzi\u0107. Zrozumia\u0142em, \u017ce powo\u0142anie nie wymaga kwalifikacji, lecz otwarto\u015bci na \u015bwiat\u0142o, kt\u00f3re przenika my\u015bli. Wtedy staj\u0105 si\u0119 one darem s\u0142\u00f3w, przep\u0142ywaj\u0105cych przeze mnie [&hellip;]","og_url":"https:\/\/wiestamina.fun\/","og_site_name":"WieStaMina","article_modified_time":"2025-09-20T21:42:26+00:00","og_image":[{"width":2560,"height":1707,"url":"https:\/\/wiestamina.fun\/wp-content\/uploads\/2025\/09\/MG_9083-scaled.jpg","type":"image\/jpeg"}],"twitter_card":"summary_large_image","twitter_misc":{"Szacowany czas czytania":"1 minuta"},"schema":{"@context":"https:\/\/schema.org","@graph":[{"@type":"WebPage","@id":"https:\/\/wiestamina.fun\/","url":"https:\/\/wiestamina.fun\/","name":"Strona g\u0142\u00f3wna - WieStaMina","isPartOf":{"@id":"https:\/\/wiestamina.fun\/#website"},"primaryImageOfPage":{"@id":"https:\/\/wiestamina.fun\/#primaryimage"},"image":{"@id":"https:\/\/wiestamina.fun\/#primaryimage"},"thumbnailUrl":"http:\/\/wiestamina.fun\/wp-content\/uploads\/2025\/09\/MG_9083-1024x683.jpg","datePublished":"2025-09-13T00:34:49+00:00","dateModified":"2025-09-20T21:42:26+00:00","breadcrumb":{"@id":"https:\/\/wiestamina.fun\/#breadcrumb"},"inLanguage":"pl-PL","potentialAction":[{"@type":"ReadAction","target":["https:\/\/wiestamina.fun\/"]}]},{"@type":"ImageObject","inLanguage":"pl-PL","@id":"https:\/\/wiestamina.fun\/#primaryimage","url":"https:\/\/wiestamina.fun\/wp-content\/uploads\/2025\/09\/MG_9083-scaled.jpg","contentUrl":"https:\/\/wiestamina.fun\/wp-content\/uploads\/2025\/09\/MG_9083-scaled.jpg","width":2560,"height":1707},{"@type":"BreadcrumbList","@id":"https:\/\/wiestamina.fun\/#breadcrumb","itemListElement":[{"@type":"ListItem","position":1,"name":"Strona g\u0142\u00f3wna","item":"https:\/\/wiestamina.fun\/"},{"@type":"ListItem","position":2,"name":"Strona g\u0142\u00f3wna"}]},{"@type":"WebSite","@id":"https:\/\/wiestamina.fun\/#website","url":"https:\/\/wiestamina.fun\/","name":"WieStaMina","description":"Oficjalna strona artysty - autorskie teksty, wspomagane muzyk\u0105 generowan\u0105 przez AI","potentialAction":[{"@type":"SearchAction","target":{"@type":"EntryPoint","urlTemplate":"https:\/\/wiestamina.fun\/?s={search_term_string}"},"query-input":{"@type":"PropertyValueSpecification","valueRequired":true,"valueName":"search_term_string"}}],"inLanguage":"pl-PL"}]}},"_links":{"self":[{"href":"https:\/\/wiestamina.fun\/index.php?rest_route=\/wp\/v2\/pages\/13","targetHints":{"allow":["GET"]}}],"collection":[{"href":"https:\/\/wiestamina.fun\/index.php?rest_route=\/wp\/v2\/pages"}],"about":[{"href":"https:\/\/wiestamina.fun\/index.php?rest_route=\/wp\/v2\/types\/page"}],"author":[{"embeddable":true,"href":"https:\/\/wiestamina.fun\/index.php?rest_route=\/wp\/v2\/users\/1"}],"replies":[{"embeddable":true,"href":"https:\/\/wiestamina.fun\/index.php?rest_route=%2Fwp%2Fv2%2Fcomments&post=13"}],"version-history":[{"count":4,"href":"https:\/\/wiestamina.fun\/index.php?rest_route=\/wp\/v2\/pages\/13\/revisions"}],"predecessor-version":[{"id":37,"href":"https:\/\/wiestamina.fun\/index.php?rest_route=\/wp\/v2\/pages\/13\/revisions\/37"}],"wp:attachment":[{"href":"https:\/\/wiestamina.fun\/index.php?rest_route=%2Fwp%2Fv2%2Fmedia&parent=13"}],"curies":[{"name":"wp","href":"https:\/\/api.w.org\/{rel}","templated":true}]}}